 468 and 14079?
39
What is the highest common divisor of 22698 and 3978?
234
Calculate the highest common factor of 133 and 142975.
133
What is the greatest common divisor of 12940 and 3420?
20
What is the greatest common divisor of 540 and 38718?
54
What is the greatest common divisor of 30 and 382120?
10
What is the highest common divisor of 6260 and 100?
20
Calculate the greatest common factor of 48 and 307952.
16
Calculate the greatest common divisor of 672 and 15816.
24
What is the greatest common factor of 86110 and 110?
10
What is the highest common divisor of 152 and 18032?
8
What is the greatest common factor of 18 and 13700178?
18
Calculate the greatest common divisor of 2479 and 142174.
67
What is the highest common divisor of 11154724 and 322?
322
What is the highest common divisor of 16470 and 5805?
135
What is the highest common divisor of 642 and 42586?
214
What is the highest common factor of 168 and 81620?
28
Calculate the greatest common divisor of 49 and 33131.
7
What is the highest common divisor of 2726770 and 1285?
1285
What is the greatest common factor of 22991336 and 31?
31
What is the greatest common divisor of 1974377 and 823?
823
Calculate the greatest common divisor of 384956 and 117.
13
What is the greatest common divisor of 339184 and 20?
4
What is the greatest common divisor of 411730 and 418?
418
What is the highest common divisor of 675766 and 4888?
1222
What is the greatest common divisor of 24491 and 76?
19
What is the highest common divisor of 6290 and 1530?
170
What is the highest common factor of 730476 and 9888?
1236
Calculate the highest common factor of 214240 and 240.
80
What is the greatest common divisor of 613 and 330407?
613
What is the greatest common factor of 660591 and 6786?
261
What is the greatest common divisor of 3094 and 12404?
14
What is the highest common divisor of 807686 and 176?
22
What is the greatest common divisor of 81230 and 40?
10
What is the greatest common factor of 8245 and 340?
85
What is the greatest common factor of 11008 and 271072?
1376
Calculate the highest common divisor of 2558704 and 46.
46
What is the highest common factor of 294 and 227542?
14
What is the highest common divisor of 13509 and 57?
57
What is the highest common factor of 14217 and 483?
21
What is the greatest common factor of 406915 and 35?
5
What is the highest common factor of 1474 and 6534?
22
What is the greatest common factor of 18088 and 63784?
952
What is the highest common divisor of 19866 and 89012?
154
What is the highest common divisor of 130 and 1510730?
130
What is the highest common factor of 76810 and 20?
10
What is the greatest common divisor of 15 and 1013470?
5
Calculate the greatest common divisor of 60 and 2649420.
60
Calculate the highest common factor of 12728 and 3096.
344
Calculate the highest common divisor of 1350 and 19525.
25
Calculate the greatest common factor of 3116 and 2812.
76
What is the greatest common factor of 14868 and 3599?
59
Calculate the highest common divisor of 614 and 13.
1
Calculate the highest common divisor of 201112 and 552.
184
What is the greatest common divisor of 272 and 36244?
68
What is the highest common divisor of 1156931 and 59?
59
What is the greatest common divisor of 16620 and 841803?
831
Calculate the greatest common divisor of 341 and 411494.
31
Calculate the highest common factor of 8 and 6293.
1
What is the highest common divisor of 812 and 67918?
58
What is the greatest common factor of 1632 and 10080?
96
What is the highest common factor of 6103 and 765?
17
What is the highest common divisor of 360 and 675585?
45
What is the greatest common divisor of 460 and 3040?
20
What is the highest common divisor of 316 and 152?
4
What is the highest common divisor of 28 and 97342?
14
What is the highest common factor of 199333 and 848?
53
Calculate the highest common factor of 59 and 100064.
59
What is the greatest common divisor of 5655 and 845?
65
What is the highest common divisor of 736099 and 91?
91
What is the highest common factor of 27 and 10737?
9
What is the greatest common divisor of 236 and 3653044?
236
What is the highest common divisor of 57 and 227259?
57
Calculate the highest common divisor of 18505 and 5.
5
What is the highest common factor of 51762 and 270?
6
What is the greatest common divisor of 1464 and 776469?
183
What is the highest common divisor of 40 and 11?
1
What is the highest common factor of 53456 and 64?
16
What is the highest common factor of 1441 and 329858?
131
What is the greatest common divisor of 643398 and 126?
42
Calculate the highest common divisor of 116 and 788945.
29
What is the greatest common divisor of 758912 and 2288?
176
Calculate the highest common factor of 111376 and 32.
16
What is the highest common divisor of 29393 and 663?
221
Calculate the highest common factor of 60102 and 636.
318
What is the greatest common factor of 164347 and 298?
149
What is the highest common divisor of 623 and 63991?
89
What is the highest common factor of 1047347 and 28?
7
Calculate the highest common factor of 135 and 1745.
5
What is the greatest common divisor of 382 and 21965?
191
Calculate the highest common factor of 1034 and 1243.
11
What is the greatest common factor of 11141 and 25870?
13
Calculate the highest common divisor of 1984 and 664.
8
What is the highest common divisor of 27 and 321993?
9
Calculate the highest common divisor of 181 and 15928.
181
Calculate the greatest common factor of 33882 and 6.
6
What is the greatest common divisor of 5830 and 286995?
265
What is the greatest common factor of 23 and 2484161?
23
Calculate the greatest common divisor of 1003 and 51680.
17
What is the greatest common factor of 339 and 344763?
339
Calculate the greatest common factor of 32805 and 45.
45
What is the greatest common divisor of 94725 and 400?
25
What is the highest common factor of 5497 and 736?
23
Calculate the highest common factor of 211181 and 669.
223
What is the highest common divisor of 2877 and 2247?
21
Calculate the highest common divisor of 32897 and 536.
67
What is the highest common divisor of 10460 and 30?
10
Calculate the highest common divisor of 6882 and 1302.
186
Calculate the highest common divisor of 236096 and 1190.
238
What is the highest common divisor of 81 and 47961?
9
Calculate the greatest common divisor of 1975 and 825.
25
Calculate the greatest common divisor of 220845 and 195.
15
What is the greatest common divisor of 3576 and 3472?
8
What is the greatest common divisor of 128466 and 648?
162
What is the highest common factor of 3850 and 9170?
70
Calculate the highest common divisor of 671 and 41236.
61
Calculate the highest common divisor of 6930 and 792.
198
What is the greatest common divisor of 19008 and 8832?
192
Calculate the greatest common factor of 91537 and 4596.
383
What is the greatest common divisor of 11 and 2378893?
11
Calculate the greatest common divisor of 7464 and 15.
3
Calculate the highest common factor of 48045 and 1065.
15
Calculate the greatest common divisor of 136 and 68884.
68
What is the highest common factor of 4715916 and 978?
978
What is the highest common divisor of 219906 and 76?
38
What is the greatest common factor of 2030660 and 60?
20
What is the highest common divisor of 660796 and 876?
292
Calculate the greatest common divisor of 3329120 and 160.
160
Calculate the highest common factor of 19 and 4237.
19
Calculate the greatest common factor of 52 and 200356.
52
Calculate the highest common factor of 646 and 6498.
38
What is the highest common factor of 21692 and 204?
68
What is the highest common factor of 896 and 79?
1
Calculate the highest common divisor of 138 and 277035.
69
Calculate the greatest common factor of 1604577 and 13.
13
Calculate the highest common factor of 162 and 12528.
54
Calculate the highest common factor of 6608 and 1121.
59
What is the highest common factor of 502 and 232175?
251
What is the greatest common divisor of 56180 and 40?
20
Calculate the highest common divisor of 455 and 89505.
65
Calculate the highest common factor of 8208 and 1596.
228
What is the greatest common factor of 84 and 43740?
12
Calculate the greatest common factor of 31605 and 441.
147
What is the greatest common divisor of 5423 a